hat is the greatest common divisor of 103264 and 1134?
14
What is the highest common factor of 956 and 181498034?
478
What is the highest common divisor of 408 and 5102652?
204
What is the highest common factor of 48959 and 4622041?
173
What is the highest common divisor of 16028511 and 3552?
111
What is the greatest common factor of 668108 and 587382?
446
What is the greatest common divisor of 20772450 and 892?
446
What is the highest common factor of 374935 and 245565?
85
Calculate the greatest common factor of 4914 and 11247600.
546
What is the highest common factor of 15611364 and 47336?
244
Calculate the greatest common divisor of 242351 and 11137773.
943
What is the greatest common factor of 1763815 and 61?
61
What is the greatest common factor of 130500 and 24085080?
5220
What is the greatest common factor of 18216 and 31866?
6
What is the highest common divisor of 133486 and 14198?
62
Calculate the greatest common divisor of 31 and 99564343.
31
What is the highest common factor of 3256902 and 7128?
594
What is the highest common divisor of 150838 and 11342?
106
Calculate the greatest common factor of 1050840 and 15645.
105
Calculate the highest common factor of 18023 and 1729873.
67
What is the highest common factor of 536 and 45541910?
134
Calculate the highest common divisor of 4059104 and 8064.
224
What is the greatest common divisor of 22677645 and 30?
15
Calculate the greatest common divisor of 262 and 26488.
2
What is the greatest common factor of 2087841 and 3901767?
6087
What is the greatest common divisor of 7173 and 218007?
9
Calculate the greatest common factor of 1241 and 25513938.
73
Calculate the highest common divisor of 2352908 and 148.
4
What is the highest common divisor of 52 and 77808757?
13
What is the greatest common factor of 45723054 and 312?
78
Calculate the greatest common factor of 939 and 456376849.
313
Calculate the greatest common factor of 230835 and 3349206.
4197
Calculate the greatest common factor of 636 and 7860854.
106
Calculate the highest common factor of 47 and 32213.
1
What is the greatest common factor of 295 and 12125?
5
Calculate the greatest common divisor of 16200 and 9090.
90
Calculate the highest common divisor of 144 and 34730088.
24
What is the highest common divisor of 5313916 and 8?
4
Calculate the greatest common divisor of 7880 and 2584020.
20
Calculate the greatest common factor of 179423 and 476412.
29
What is the greatest common divisor of 29304 and 6908?
44
Calculate the highest common divisor of 14915589 and 1482.
741
Calculate the highest common factor of 15587 and 362752.
1417
Calculate the highest common factor of 262075 and 83710.
55
What is the highest common divisor of 506341 and 10363?
241
What is the greatest common factor of 288375 and 18225?
75
Calculate the highest common divisor of 218503535 and 1970.
985
What is the highest common divisor of 2038367 and 3520217?
3293
What is the highest common factor of 2864 and 3659118?
358
Calculate the highest common divisor of 26446297 and 1058.
529
What is the greatest common factor of 65 and 499495?
5
What is the greatest common divisor of 157454523 and 486?
243
What is the greatest common factor of 38504 and 3896?
8
Calculate the highest common factor of 180 and 117366390.
90
What is the greatest common factor of 6084 and 1914156?
36
Calculate the highest common factor of 2437701 and 115.
23
Calculate the highest common divisor of 66932 and 14247284.
2308
What is the greatest common divisor of 207 and 102144495?
69
What is the highest common divisor of 1296 and 263204316?
324
Calculate the greatest common divisor of 186638508 and 148.
148
Calculate the highest common divisor of 275106 and 390.
78
What is the greatest common factor of 187 and 308759?
11
What is the highest common divisor of 109143803 and 1229?
1229
What is the highest common factor of 10132 and 9554?
34
What is the greatest common factor of 163697097 and 102?
51
Calculate the greatest common divisor of 10296 and 1713712.
1144
What is the highest common divisor of 6 and 502382?
2
What is the greatest common divisor of 10634940 and 300?
60
What is the greatest common factor of 54948 and 542925?
57
What is the highest common divisor of 130888222 and 614?
614
Calculate the highest common factor of 219738 and 108.
6
Calculate the highest common factor of 11658 and 932582.
58
Calculate the greatest common factor of 514522 and 1989.
17
Calculate the greatest common divisor of 154896 and 229376.
112
Calculate the highest common factor of 12 and 13852878.
6
What is the greatest common factor of 1584 and 263824?
176
What is the highest common factor of 2899 and 882713?
13
Calculate the greatest common factor of 73186 and 287638.
1702
Calculate the highest common factor of 32115893 and 346.
173
Calculate the greatest common factor of 566514 and 53352.
702
What is the highest common divisor of 375096 and 177029683?
15629
What is the greatest common divisor of 156488 and 78673080?
5048
Calculate the highest common divisor of 85509 and 28269.
27
Calculate the highest common factor of 9416254 and 6.
2
What is the highest common divisor of 9518313 and 12083?
281
Calculate the greatest common divisor of 18288 and 2048.
16
Calculate the greatest common factor of 15298393 and 209.
11
Calculate the highest common factor of 1695 and 8887305.
15
What is the highest common factor of 6751 and 368719367?
6751
What is the greatest common divisor of 340 and 426420860?
340
What is the greatest common factor of 10564 and 12516972?
76
Calculate the greatest common divisor of 86756 and 53113532.
3772
Calculate the highest common divisor of 3224 and 959214152.
3224
What is the highest common divisor of 144282 and 12093?
417
What is the highest common factor of 2963560 and 4300?
860
What is the highest common factor of 60003 and 6813?
9
What is the greatest common divisor of 35704030 and 410?
410
Calculate the greatest common divisor of 158 and 303878.
2
Calculate the highest common factor of 5273982 and 110124.
2394
What is the highest common divisor of 118 and 386587234?
118
What is the highest common factor of 16974627 and 1626?
813
Calculate the highest common divisor of 24024 and 8621613.
3003
Calculate the greatest common divisor of 81886 and 124858603.
5849
What is the greatest common factor of 2922442 and 163558?
3086
What is the highest common factor of 17260398 and 459?
27
What is the greatest common divisor of 628948014 and 3715?
743
What is the highest common factor of 6399375 and 2085?
15
What is the greatest common factor of 1320550 and 9350?
550
Calculate the highest common factor of 291350527 and 1393.
199
What is the greatest common factor of 448 and 21879232?
64
What is the greatest common divisor of 983000 and 17000?
1000
What is the greatest common factor of 60015 and 366?
3
Calculate the highest common factor of 12853648 and 10896.
3632
Calculate the highest common factor of 9 and 42341733.
9
Calculate the highest common factor of 819 and 10093083.
273
What is the highest common divisor of 550254 and 602994?
1758
Calculate the highest common factor of 1656 and 1841976.
72
Calculate the highest common factor of 921 and 1965136779.
921
What is the highest common divisor of 66588600 and 650?
650
What is the highest common factor of 52 and 21668036?
52
What is the greatest common divisor of 17954 and 17172619?
191
Calculate the highest common factor of 90809 and 3721890.
1279
What is the highest common divisor of 2248 and 21474301?
281
Calculate the highest common divisor of 35 and 3619544390.
35
Calculate the greatest common divisor of 62321798 and 231.
77
Calculate the highest common factor of 27111 and 9317.
7
Calculate the highest common divisor of 81598 and 53999.
11
Calculate the highest common divisor of 823222991 and 227.
227
Calculate the greatest common divisor of 10044 and 1114182.
54
What is the highest common divisor of 368 and 19744304?
368
Calculate the greatest common factor of 2024354 and 10.
2
Calculate the highest common factor of 79019550 and 4296.
1074
Calculate the highest common divisor of 80045510 and 406.
58
What is the greatest common divisor of 9145 and 154929103?
1829
Calculate the greatest common factor of 2361491 and 627.
209
Calculate the g